{"id":87,"date":"2024-11-07T12:45:57","date_gmt":"2024-11-07T17:45:57","guid":{"rendered":"https:\/\/tezescura.com\/?page_id=87"},"modified":"2024-11-07T12:45:58","modified_gmt":"2024-11-07T17:45:58","slug":"politica-de-cookies","status":"publish","type":"page","link":"https:\/\/tezescura.com\/studio\/politica-de-cookies\/","title":{"rendered":"Pol\u00edtica de Cookies"},"content":{"rendered":"\n<h2 class=\"wp-block-heading\">Pol\u00edtica de Cookies de TEZ ESCURA STUDIO<\/h2>\n\n\n\n<p><strong>1. Uso de Cookies<\/strong> TEZ ESCURA STUDIO utiliza cookies y tecnolog\u00edas similares para rastrear la actividad en nuestro sitio web. Estas cookies nos permiten mejorar la funcionalidad del sitio y proporcionar una experiencia personalizada.<\/p>\n\n\n\n<p><strong>2. Control de Cookies<\/strong> Los usuarios tienen el derecho de aceptar o rechazar las cookies. Puedes configurar tu navegador para que rechace las cookies, aunque esto podr\u00eda afectar la funcionalidad del sitio.<\/p>\n\n\n\n<p><strong>3. Cookies de Terceros<\/strong> Nuestro sitio puede utilizar cookies de terceros para rastrear la interacci\u00f3n del usuario con el sitio. Esto incluye herramientas anal\u00edticas que recopilan informaci\u00f3n para mejorar nuestro sitio web y nuestros servicios.<\/p>\n\n\n\n<p><\/p>\n","protected":false},"excerpt":{"rendered":"<p>Pol\u00edtica de Cookies de TEZ ESCURA STUDIO 1. Uso de Cookies TEZ ESCURA STUDIO utiliza cookies y tecnolog\u00edas similares para [&hellip;]<\/p>\n","protected":false},"author":1,"featured_media":0,"parent":0,"menu_order":0,"comment_status":"closed","ping_status":"closed","template":"","meta":{"_uag_custom_page_level_css":"","site-sidebar-layout":"default","site-content-layout":"","ast-site-content-layout":"default","site-content-style":"default","site-sidebar-style":"default","ast-global-header-display":"","ast-banner-title-visibility":"","ast-main-header-display":"","ast-hfb-above-header-display":"","ast-hfb-below-header-display":"","ast-hfb-mobile-header-display":"","site-post-title":"","ast-breadcrumbs-content":"","ast-featured-img":"","footer-sml-layout":"","ast-disable-related-posts":"","theme-transparent-header-meta":"","adv-header-id-meta":"","stick-header-meta":"","header-above-stick-meta":"","header-main-stick-meta":"","header-below-stick-meta":"","astra-migrate-meta-layouts":"default","ast-page-background-enabled":"default","ast-page-background-meta":{"desktop":{"background-color":"var(--ast-global-color-4)","background-image":"","background-repeat":"repeat","background-position":"center center","background-size":"auto","background-attachment":"scroll","background-type":"","background-media":"","overlay-type":"","overlay-color":"","overlay-opacity":"","overlay-gradient":""},"tablet":{"background-color":"","background-image":"","background-repeat":"repeat","background-position":"center center","background-size":"auto","background-attachment":"scroll","background-type":"","background-media":"","overlay-type":"","overlay-color":"","overlay-opacity":"","overlay-gradient":""},"mobile":{"background-color":"","background-image":"","background-repeat":"repeat","background-position":"center center","background-size":"auto","background-attachment":"scroll","background-type":"","background-media":"","overlay-type":"","overlay-color":"","overlay-opacity":"","overlay-gradient":""}},"ast-content-background-meta":{"desktop":{"background-color":"var(--ast-global-color-5)","background-image":"","background-repeat":"repeat","background-position":"center center","background-size":"auto","background-attachment":"scroll","background-type":"","background-media":"","overlay-type":"","overlay-color":"","overlay-opacity":"","overlay-gradient":""},"tablet":{"background-color":"var(--ast-global-color-5)","background-image":"","background-repeat":"repeat","background-position":"center center","background-size":"auto","background-attachment":"scroll","background-type":"","background-media":"","overlay-type":"","overlay-color":"","overlay-opacity":"","overlay-gradient":""},"mobile":{"background-color":"var(--ast-global-color-5)","background-image":"","background-repeat":"repeat","background-position":"center center","background-size":"auto","background-attachment":"scroll","background-type":"","background-media":"","overlay-type":"","overlay-color":"","overlay-opacity":"","overlay-gradient":""}},"footnotes":""},"class_list":["post-87","page","type-page","status-publish","hentry"],"yoast_head":"<!-- This site is optimized with the Yoast SEO plugin v24.1 - https:\/\/yoast.com\/wordpress\/plugins\/seo\/ -->\n<title>Pol\u00edtica de Cookies - TEZ ESCURA STUDIO<\/title>\n<meta name=\"robots\" content=\"index, follow, max-snippet:-1, max-image-preview:large, max-video-preview:-1\" \/>\n<link rel=\"canonical\" href=\"https:\/\/tezescura.com\/studio\/politica-de-cookies\/\" \/>\n<meta property=\"og:locale\" content=\"es_ES\" \/>\n<meta property=\"og:type\" content=\"article\" \/>\n<meta property=\"og:title\" content=\"Pol\u00edtica de Cookies - TEZ ESCURA STUDIO\" \/>\n<meta property=\"og:description\" content=\"Pol\u00edtica de Cookies de TEZ ESCURA STUDIO 1. Uso de Cookies TEZ ESCURA STUDIO utiliza cookies y tecnolog\u00edas similares para [&hellip;]\" \/>\n<meta property=\"og:url\" content=\"https:\/\/tezescura.com\/studio\/politica-de-cookies\/\" \/>\n<meta property=\"og:site_name\" content=\"TEZ ESCURA STUDIO\" \/>\n<meta property=\"article:publisher\" content=\"https:\/\/www.facebook.com\/share\/BoZ393RBSjT5cdJ7\/\" \/>\n<meta property=\"article:modified_time\" content=\"2024-11-07T17:45:58+00:00\" \/>\n<meta name=\"twitter:card\" content=\"summary_large_image\" \/>\n<meta name=\"twitter:label1\" content=\"Tiempo de lectura\" \/>\n\t<meta name=\"twitter:data1\" content=\"1 minuto\" \/>\n<script type=\"application\/ld+json\" class=\"yoast-schema-graph\">{\"@context\":\"https:\/\/schema.org\",\"@graph\":[{\"@type\":\"WebPage\",\"@id\":\"https:\/\/tezescura.com\/studio\/politica-de-cookies\/\",\"url\":\"https:\/\/tezescura.com\/studio\/politica-de-cookies\/\",\"name\":\"Pol\u00edtica de Cookies - TEZ ESCURA STUDIO\",\"isPartOf\":{\"@id\":\"https:\/\/tezescura.com\/studio\/#website\"},\"datePublished\":\"2024-11-07T17:45:57+00:00\",\"dateModified\":\"2024-11-07T17:45:58+00:00\",\"breadcrumb\":{\"@id\":\"https:\/\/tezescura.com\/studio\/politica-de-cookies\/#breadcrumb\"},\"inLanguage\":\"es-CO\",\"potentialAction\":[{\"@type\":\"ReadAction\",\"target\":[\"https:\/\/tezescura.com\/studio\/politica-de-cookies\/\"]}]},{\"@type\":\"BreadcrumbList\",\"@id\":\"https:\/\/tezescura.com\/studio\/politica-de-cookies\/#breadcrumb\",\"itemListElement\":[{\"@type\":\"ListItem\",\"position\":1,\"name\":\"Inicio\",\"item\":\"https:\/\/tezescura.com\/studio\/\"},{\"@type\":\"ListItem\",\"position\":2,\"name\":\"Pol\u00edtica de Cookies\"}]},{\"@type\":\"WebSite\",\"@id\":\"https:\/\/tezescura.com\/studio\/#website\",\"url\":\"https:\/\/tezescura.com\/studio\/\",\"name\":\"tezescura.com\",\"description\":\"Agencia de modelos Webcam\",\"publisher\":{\"@id\":\"https:\/\/tezescura.com\/studio\/#organization\"},\"potentialAction\":[{\"@type\":\"SearchAction\",\"target\":{\"@type\":\"EntryPoint\",\"urlTemplate\":\"https:\/\/tezescura.com\/studio\/?s={search_term_string}\"},\"query-input\":{\"@type\":\"PropertyValueSpecification\",\"valueRequired\":true,\"valueName\":\"search_term_string\"}}],\"inLanguage\":\"es-CO\"},{\"@type\":\"Organization\",\"@id\":\"https:\/\/tezescura.com\/studio\/#organization\",\"name\":\"tezescura.com\",\"url\":\"https:\/\/tezescura.com\/studio\/\",\"logo\":{\"@type\":\"ImageObject\",\"inLanguage\":\"es-CO\",\"@id\":\"https:\/\/tezescura.com\/studio\/#\/schema\/logo\/image\/\",\"url\":\"https:\/\/tezescura.com\/wp-content\/uploads\/2024\/11\/Logo-Tezescura-e1730996250727.jpeg\",\"contentUrl\":\"https:\/\/tezescura.com\/wp-content\/uploads\/2024\/11\/Logo-Tezescura-e1730996250727.jpeg\",\"width\":106,\"height\":101,\"caption\":\"tezescura.com\"},\"image\":{\"@id\":\"https:\/\/tezescura.com\/studio\/#\/schema\/logo\/image\/\"},\"sameAs\":[\"https:\/\/www.facebook.com\/share\/BoZ393RBSjT5cdJ7\/\",\"https:\/\/l.wl.co\/l?u=httpstiktok.comtezescura_studio\",\"https:\/\/www.instagram.com\/tezescurastudio\/profilecard\/?igsh=MTlveWY5ZW92d3lzNw==\"]}]}<\/script>\n<!-- \/ Yoast SEO plugin. -->","yoast_head_json":{"title":"Pol\u00edtica de Cookies - TEZ ESCURA STUDIO","robots":{"index":"index","follow":"follow","max-snippet":"max-snippet:-1","max-image-preview":"max-image-preview:large","max-video-preview":"max-video-preview:-1"},"canonical":"https:\/\/tezescura.com\/studio\/politica-de-cookies\/","og_locale":"es_ES","og_type":"article","og_title":"Pol\u00edtica de Cookies - TEZ ESCURA STUDIO","og_description":"Pol\u00edtica de Cookies de TEZ ESCURA STUDIO 1. Uso de Cookies TEZ ESCURA STUDIO utiliza cookies y tecnolog\u00edas similares para [&hellip;]","og_url":"https:\/\/tezescura.com\/studio\/politica-de-cookies\/","og_site_name":"TEZ ESCURA STUDIO","article_publisher":"https:\/\/www.facebook.com\/share\/BoZ393RBSjT5cdJ7\/","article_modified_time":"2024-11-07T17:45:58+00:00","twitter_card":"summary_large_image","twitter_misc":{"Tiempo de lectura":"1 minuto"},"schema":{"@context":"https:\/\/schema.org","@graph":[{"@type":"WebPage","@id":"https:\/\/tezescura.com\/studio\/politica-de-cookies\/","url":"https:\/\/tezescura.com\/studio\/politica-de-cookies\/","name":"Pol\u00edtica de Cookies - TEZ ESCURA STUDIO","isPartOf":{"@id":"https:\/\/tezescura.com\/studio\/#website"},"datePublished":"2024-11-07T17:45:57+00:00","dateModified":"2024-11-07T17:45:58+00:00","breadcrumb":{"@id":"https:\/\/tezescura.com\/studio\/politica-de-cookies\/#breadcrumb"},"inLanguage":"es-CO","potentialAction":[{"@type":"ReadAction","target":["https:\/\/tezescura.com\/studio\/politica-de-cookies\/"]}]},{"@type":"BreadcrumbList","@id":"https:\/\/tezescura.com\/studio\/politica-de-cookies\/#breadcrumb","itemListElement":[{"@type":"ListItem","position":1,"name":"Inicio","item":"https:\/\/tezescura.com\/studio\/"},{"@type":"ListItem","position":2,"name":"Pol\u00edtica de Cookies"}]},{"@type":"WebSite","@id":"https:\/\/tezescura.com\/studio\/#website","url":"https:\/\/tezescura.com\/studio\/","name":"tezescura.com","description":"Agencia de modelos Webcam","publisher":{"@id":"https:\/\/tezescura.com\/studio\/#organization"},"potentialAction":[{"@type":"SearchAction","target":{"@type":"EntryPoint","urlTemplate":"https:\/\/tezescura.com\/studio\/?s={search_term_string}"},"query-input":{"@type":"PropertyValueSpecification","valueRequired":true,"valueName":"search_term_string"}}],"inLanguage":"es-CO"},{"@type":"Organization","@id":"https:\/\/tezescura.com\/studio\/#organization","name":"tezescura.com","url":"https:\/\/tezescura.com\/studio\/","logo":{"@type":"ImageObject","inLanguage":"es-CO","@id":"https:\/\/tezescura.com\/studio\/#\/schema\/logo\/image\/","url":"https:\/\/tezescura.com\/wp-content\/uploads\/2024\/11\/Logo-Tezescura-e1730996250727.jpeg","contentUrl":"https:\/\/tezescura.com\/wp-content\/uploads\/2024\/11\/Logo-Tezescura-e1730996250727.jpeg","width":106,"height":101,"caption":"tezescura.com"},"image":{"@id":"https:\/\/tezescura.com\/studio\/#\/schema\/logo\/image\/"},"sameAs":["https:\/\/www.facebook.com\/share\/BoZ393RBSjT5cdJ7\/","https:\/\/l.wl.co\/l?u=httpstiktok.comtezescura_studio","https:\/\/www.instagram.com\/tezescurastudio\/profilecard\/?igsh=MTlveWY5ZW92d3lzNw=="]}]}},"uagb_featured_image_src":{"full":false,"thumbnail":false,"medium":false,"medium_large":false,"large":false,"1536x1536":false,"2048x2048":false},"uagb_author_info":{"display_name":"iberpardo@hotmail.com","author_link":"https:\/\/tezescura.com\/studio\/author\/iberpardohotmail-com\/"},"uagb_comment_info":0,"uagb_excerpt":"Pol\u00edtica de Cookies de TEZ ESCURA STUDIO 1. Uso de Cookies TEZ ESCURA STUDIO utiliza cookies y tecnolog\u00edas similares para [&hellip;]","_links":{"self":[{"href":"https:\/\/tezescura.com\/studio\/wp-json\/wp\/v2\/pages\/87","targetHints":{"allow":["GET"]}}],"collection":[{"href":"https:\/\/tezescura.com\/studio\/wp-json\/wp\/v2\/pages"}],"about":[{"href":"https:\/\/tezescura.com\/studio\/wp-json\/wp\/v2\/types\/page"}],"author":[{"embeddable":true,"href":"https:\/\/tezescura.com\/studio\/wp-json\/wp\/v2\/users\/1"}],"replies":[{"embeddable":true,"href":"https:\/\/tezescura.com\/studio\/wp-json\/wp\/v2\/comments?post=87"}],"version-history":[{"count":1,"href":"https:\/\/tezescura.com\/studio\/wp-json\/wp\/v2\/pages\/87\/revisions"}],"predecessor-version":[{"id":88,"href":"https:\/\/tezescura.com\/studio\/wp-json\/wp\/v2\/pages\/87\/revisions\/88"}],"wp:attachment":[{"href":"https:\/\/tezescura.com\/studio\/wp-json\/wp\/v2\/media?parent=87"}],"curies":[{"name":"wp","href":"https:\/\/api.w.org\/{rel}","templated":true}]}}