{"id":89,"date":"2024-11-07T12:46:13","date_gmt":"2024-11-07T17:46:13","guid":{"rendered":"https:\/\/tezescura.com\/?page_id=89"},"modified":"2024-11-07T12:46:13","modified_gmt":"2024-11-07T17:46:13","slug":"terminos-y-condiciones","status":"publish","type":"page","link":"https:\/\/tezescura.com\/studio\/terminos-y-condiciones\/","title":{"rendered":"T\u00e9rminos y Condiciones"},"content":{"rendered":"\n<h2 class=\"wp-block-heading\">T\u00e9rminos y Condiciones de TEZ ESCURA STUDIO<\/h2>\n\n\n\n<p><strong>1. Aceptaci\u00f3n de los T\u00e9rminos<\/strong> Al acceder y utilizar la p\u00e1gina web de TEZ ESCURA STUDIO para aplicar como modelo webcam, aceptas estos t\u00e9rminos y condiciones en su totalidad.<\/p>\n\n\n\n<p><strong>2. Uso del Sitio<\/strong> Queda prohibido el uso de la p\u00e1gina web con fines fraudulentos, il\u00edcitos o que puedan causar da\u00f1os a la reputaci\u00f3n de TEZ ESCURA STUDIO. Nos reservamos el derecho de restringir o finalizar el acceso de aquellos que violen estos t\u00e9rminos.<\/p>\n\n\n\n<p><strong>3. No Garant\u00eda de Contrataci\u00f3n<\/strong> El env\u00edo de una solicitud no garantiza la contrataci\u00f3n ni una entrevista. Todas las solicitudes ser\u00e1n evaluadas bajo los criterios de selecci\u00f3n de TEZ ESCURA STUDIO, y el estudio se reserva el derecho de rechazar cualquier solicitud.<\/p>\n\n\n\n<p><strong>4. Limitaci\u00f3n de Responsabilidad<\/strong> TEZ ESCURA STUDIO no ser\u00e1 responsable por cualquier da\u00f1o directo, indirecto, incidental o consecuente derivado del uso del sitio o de la aplicaci\u00f3n al estudio.<\/p>\n","protected":false},"excerpt":{"rendered":"<p>T\u00e9rminos y Condiciones de TEZ ESCURA STUDIO 1. Aceptaci\u00f3n de los T\u00e9rminos Al acceder y utilizar la p\u00e1gina web de [&hellip;]<\/p>\n","protected":false},"author":1,"featured_media":0,"parent":0,"menu_order":0,"comment_status":"closed","ping_status":"closed","template":"","meta":{"_uag_custom_page_level_css":"","site-sidebar-layout":"default","site-content-layout":"","ast-site-content-layout":"default","site-content-style":"default","site-sidebar-style":"default","ast-global-header-display":"","ast-banner-title-visibility":"","ast-main-header-display":"","ast-hfb-above-header-display":"","ast-hfb-below-header-display":"","ast-hfb-mobile-header-display":"","site-post-title":"","ast-breadcrumbs-content":"","ast-featured-img":"","footer-sml-layout":"","ast-disable-related-posts":"","theme-transparent-header-meta":"","adv-header-id-meta":"","stick-header-meta":"","header-above-stick-meta":"","header-main-stick-meta":"","header-below-stick-meta":"","astra-migrate-meta-layouts":"default","ast-page-background-enabled":"default","ast-page-background-meta":{"desktop":{"background-color":"var(--ast-global-color-4)","background-image":"","background-repeat":"repeat","background-position":"center center","background-size":"auto","background-attachment":"scroll","background-type":"","background-media":"","overlay-type":"","overlay-color":"","overlay-opacity":"","overlay-gradient":""},"tablet":{"background-color":"","background-image":"","background-repeat":"repeat","background-position":"center center","background-size":"auto","background-attachment":"scroll","background-type":"","background-media":"","overlay-type":"","overlay-color":"","overlay-opacity":"","overlay-gradient":""},"mobile":{"background-color":"","background-image":"","background-repeat":"repeat","background-position":"center center","background-size":"auto","background-attachment":"scroll","background-type":"","background-media":"","overlay-type":"","overlay-color":"","overlay-opacity":"","overlay-gradient":""}},"ast-content-background-meta":{"desktop":{"background-color":"var(--ast-global-color-5)","background-image":"","background-repeat":"repeat","background-position":"center center","background-size":"auto","background-attachment":"scroll","background-type":"","background-media":"","overlay-type":"","overlay-color":"","overlay-opacity":"","overlay-gradient":""},"tablet":{"background-color":"var(--ast-global-color-5)","background-image":"","background-repeat":"repeat","background-position":"center center","background-size":"auto","background-attachment":"scroll","background-type":"","background-media":"","overlay-type":"","overlay-color":"","overlay-opacity":"","overlay-gradient":""},"mobile":{"background-color":"var(--ast-global-color-5)","background-image":"","background-repeat":"repeat","background-position":"center center","background-size":"auto","background-attachment":"scroll","background-type":"","background-media":"","overlay-type":"","overlay-color":"","overlay-opacity":"","overlay-gradient":""}},"footnotes":""},"class_list":["post-89","page","type-page","status-publish","hentry"],"yoast_head":"<!-- This site is optimized with the Yoast SEO plugin v24.1 - https:\/\/yoast.com\/wordpress\/plugins\/seo\/ -->\n<title>T\u00e9rminos y Condiciones - TEZ ESCURA STUDIO<\/title>\n<meta name=\"robots\" content=\"index, follow, max-snippet:-1, max-image-preview:large, max-video-preview:-1\" \/>\n<link rel=\"canonical\" href=\"https:\/\/tezescura.com\/studio\/terminos-y-condiciones\/\" \/>\n<meta property=\"og:locale\" content=\"es_ES\" \/>\n<meta property=\"og:type\" content=\"article\" \/>\n<meta property=\"og:title\" content=\"T\u00e9rminos y Condiciones - TEZ ESCURA STUDIO\" \/>\n<meta property=\"og:description\" content=\"T\u00e9rminos y Condiciones de TEZ ESCURA STUDIO 1. Aceptaci\u00f3n de los T\u00e9rminos Al acceder y utilizar la p\u00e1gina web de [&hellip;]\" \/>\n<meta property=\"og:url\" content=\"https:\/\/tezescura.com\/studio\/terminos-y-condiciones\/\" \/>\n<meta property=\"og:site_name\" content=\"TEZ ESCURA STUDIO\" \/>\n<meta property=\"article:publisher\" content=\"https:\/\/www.facebook.com\/share\/BoZ393RBSjT5cdJ7\/\" \/>\n<meta name=\"twitter:card\" content=\"summary_large_image\" \/>\n<meta name=\"twitter:label1\" content=\"Tiempo de lectura\" \/>\n\t<meta name=\"twitter:data1\" content=\"1 minuto\" \/>\n<script type=\"application\/ld+json\" class=\"yoast-schema-graph\">{\"@context\":\"https:\/\/schema.org\",\"@graph\":[{\"@type\":\"WebPage\",\"@id\":\"https:\/\/tezescura.com\/studio\/terminos-y-condiciones\/\",\"url\":\"https:\/\/tezescura.com\/studio\/terminos-y-condiciones\/\",\"name\":\"T\u00e9rminos y Condiciones - TEZ ESCURA STUDIO\",\"isPartOf\":{\"@id\":\"https:\/\/tezescura.com\/studio\/#website\"},\"datePublished\":\"2024-11-07T17:46:13+00:00\",\"dateModified\":\"2024-11-07T17:46:13+00:00\",\"breadcrumb\":{\"@id\":\"https:\/\/tezescura.com\/studio\/terminos-y-condiciones\/#breadcrumb\"},\"inLanguage\":\"es-CO\",\"potentialAction\":[{\"@type\":\"ReadAction\",\"target\":[\"https:\/\/tezescura.com\/studio\/terminos-y-condiciones\/\"]}]},{\"@type\":\"BreadcrumbList\",\"@id\":\"https:\/\/tezescura.com\/studio\/terminos-y-condiciones\/#breadcrumb\",\"itemListElement\":[{\"@type\":\"ListItem\",\"position\":1,\"name\":\"Inicio\",\"item\":\"https:\/\/tezescura.com\/studio\/\"},{\"@type\":\"ListItem\",\"position\":2,\"name\":\"T\u00e9rminos y Condiciones\"}]},{\"@type\":\"WebSite\",\"@id\":\"https:\/\/tezescura.com\/studio\/#website\",\"url\":\"https:\/\/tezescura.com\/studio\/\",\"name\":\"tezescura.com\",\"description\":\"Agencia de modelos Webcam\",\"publisher\":{\"@id\":\"https:\/\/tezescura.com\/studio\/#organization\"},\"potentialAction\":[{\"@type\":\"SearchAction\",\"target\":{\"@type\":\"EntryPoint\",\"urlTemplate\":\"https:\/\/tezescura.com\/studio\/?s={search_term_string}\"},\"query-input\":{\"@type\":\"PropertyValueSpecification\",\"valueRequired\":true,\"valueName\":\"search_term_string\"}}],\"inLanguage\":\"es-CO\"},{\"@type\":\"Organization\",\"@id\":\"https:\/\/tezescura.com\/studio\/#organization\",\"name\":\"tezescura.com\",\"url\":\"https:\/\/tezescura.com\/studio\/\",\"logo\":{\"@type\":\"ImageObject\",\"inLanguage\":\"es-CO\",\"@id\":\"https:\/\/tezescura.com\/studio\/#\/schema\/logo\/image\/\",\"url\":\"https:\/\/tezescura.com\/wp-content\/uploads\/2024\/11\/Logo-Tezescura-e1730996250727.jpeg\",\"contentUrl\":\"https:\/\/tezescura.com\/wp-content\/uploads\/2024\/11\/Logo-Tezescura-e1730996250727.jpeg\",\"width\":106,\"height\":101,\"caption\":\"tezescura.com\"},\"image\":{\"@id\":\"https:\/\/tezescura.com\/studio\/#\/schema\/logo\/image\/\"},\"sameAs\":[\"https:\/\/www.facebook.com\/share\/BoZ393RBSjT5cdJ7\/\",\"https:\/\/l.wl.co\/l?u=httpstiktok.comtezescura_studio\",\"https:\/\/www.instagram.com\/tezescurastudio\/profilecard\/?igsh=MTlveWY5ZW92d3lzNw==\"]}]}<\/script>\n<!-- \/ Yoast SEO plugin. -->","yoast_head_json":{"title":"T\u00e9rminos y Condiciones - TEZ ESCURA STUDIO","robots":{"index":"index","follow":"follow","max-snippet":"max-snippet:-1","max-image-preview":"max-image-preview:large","max-video-preview":"max-video-preview:-1"},"canonical":"https:\/\/tezescura.com\/studio\/terminos-y-condiciones\/","og_locale":"es_ES","og_type":"article","og_title":"T\u00e9rminos y Condiciones - TEZ ESCURA STUDIO","og_description":"T\u00e9rminos y Condiciones de TEZ ESCURA STUDIO 1. Aceptaci\u00f3n de los T\u00e9rminos Al acceder y utilizar la p\u00e1gina web de [&hellip;]","og_url":"https:\/\/tezescura.com\/studio\/terminos-y-condiciones\/","og_site_name":"TEZ ESCURA STUDIO","article_publisher":"https:\/\/www.facebook.com\/share\/BoZ393RBSjT5cdJ7\/","twitter_card":"summary_large_image","twitter_misc":{"Tiempo de lectura":"1 minuto"},"schema":{"@context":"https:\/\/schema.org","@graph":[{"@type":"WebPage","@id":"https:\/\/tezescura.com\/studio\/terminos-y-condiciones\/","url":"https:\/\/tezescura.com\/studio\/terminos-y-condiciones\/","name":"T\u00e9rminos y Condiciones - TEZ ESCURA STUDIO","isPartOf":{"@id":"https:\/\/tezescura.com\/studio\/#website"},"datePublished":"2024-11-07T17:46:13+00:00","dateModified":"2024-11-07T17:46:13+00:00","breadcrumb":{"@id":"https:\/\/tezescura.com\/studio\/terminos-y-condiciones\/#breadcrumb"},"inLanguage":"es-CO","potentialAction":[{"@type":"ReadAction","target":["https:\/\/tezescura.com\/studio\/terminos-y-condiciones\/"]}]},{"@type":"BreadcrumbList","@id":"https:\/\/tezescura.com\/studio\/terminos-y-condiciones\/#breadcrumb","itemListElement":[{"@type":"ListItem","position":1,"name":"Inicio","item":"https:\/\/tezescura.com\/studio\/"},{"@type":"ListItem","position":2,"name":"T\u00e9rminos y Condiciones"}]},{"@type":"WebSite","@id":"https:\/\/tezescura.com\/studio\/#website","url":"https:\/\/tezescura.com\/studio\/","name":"tezescura.com","description":"Agencia de modelos Webcam","publisher":{"@id":"https:\/\/tezescura.com\/studio\/#organization"},"potentialAction":[{"@type":"SearchAction","target":{"@type":"EntryPoint","urlTemplate":"https:\/\/tezescura.com\/studio\/?s={search_term_string}"},"query-input":{"@type":"PropertyValueSpecification","valueRequired":true,"valueName":"search_term_string"}}],"inLanguage":"es-CO"},{"@type":"Organization","@id":"https:\/\/tezescura.com\/studio\/#organization","name":"tezescura.com","url":"https:\/\/tezescura.com\/studio\/","logo":{"@type":"ImageObject","inLanguage":"es-CO","@id":"https:\/\/tezescura.com\/studio\/#\/schema\/logo\/image\/","url":"https:\/\/tezescura.com\/wp-content\/uploads\/2024\/11\/Logo-Tezescura-e1730996250727.jpeg","contentUrl":"https:\/\/tezescura.com\/wp-content\/uploads\/2024\/11\/Logo-Tezescura-e1730996250727.jpeg","width":106,"height":101,"caption":"tezescura.com"},"image":{"@id":"https:\/\/tezescura.com\/studio\/#\/schema\/logo\/image\/"},"sameAs":["https:\/\/www.facebook.com\/share\/BoZ393RBSjT5cdJ7\/","https:\/\/l.wl.co\/l?u=httpstiktok.comtezescura_studio","https:\/\/www.instagram.com\/tezescurastudio\/profilecard\/?igsh=MTlveWY5ZW92d3lzNw=="]}]}},"uagb_featured_image_src":{"full":false,"thumbnail":false,"medium":false,"medium_large":false,"large":false,"1536x1536":false,"2048x2048":false},"uagb_author_info":{"display_name":"iberpardo@hotmail.com","author_link":"https:\/\/tezescura.com\/studio\/author\/iberpardohotmail-com\/"},"uagb_comment_info":0,"uagb_excerpt":"T\u00e9rminos y Condiciones de TEZ ESCURA STUDIO 1. Aceptaci\u00f3n de los T\u00e9rminos Al acceder y utilizar la p\u00e1gina web de [&hellip;]","_links":{"self":[{"href":"https:\/\/tezescura.com\/studio\/wp-json\/wp\/v2\/pages\/89","targetHints":{"allow":["GET"]}}],"collection":[{"href":"https:\/\/tezescura.com\/studio\/wp-json\/wp\/v2\/pages"}],"about":[{"href":"https:\/\/tezescura.com\/studio\/wp-json\/wp\/v2\/types\/page"}],"author":[{"embeddable":true,"href":"https:\/\/tezescura.com\/studio\/wp-json\/wp\/v2\/users\/1"}],"replies":[{"embeddable":true,"href":"https:\/\/tezescura.com\/studio\/wp-json\/wp\/v2\/comments?post=89"}],"version-history":[{"count":1,"href":"https:\/\/tezescura.com\/studio\/wp-json\/wp\/v2\/pages\/89\/revisions"}],"predecessor-version":[{"id":90,"href":"https:\/\/tezescura.com\/studio\/wp-json\/wp\/v2\/pages\/89\/revisions\/90"}],"wp:attachment":[{"href":"https:\/\/tezescura.com\/studio\/wp-json\/wp\/v2\/media?parent=89"}],"curies":[{"name":"wp","href":"https:\/\/api.w.org\/{rel}","templated":true}]}}