{"id":95,"date":"2024-11-07T12:57:06","date_gmt":"2024-11-07T17:57:06","guid":{"rendered":"https:\/\/tezescura.com\/?page_id=95"},"modified":"2024-11-20T22:01:57","modified_gmt":"2024-11-21T03:01:57","slug":"desbloquea-tu-potencial-unete-a-tez-escura","status":"publish","type":"page","link":"https:\/\/tezescura.com\/studio\/desbloquea-tu-potencial-unete-a-tez-escura\/","title":{"rendered":"Desbloquea tu Potencial: \u00a1\u00danete a TEZ ESCURA!"},"content":{"rendered":"\n<h2 class=\"wp-block-heading\"><strong>Tu privacidad es nuestra prioridad<\/strong><\/h2>\n\n\n\n<h4 class=\"wp-block-heading\"><br>La informaci\u00f3n que ingreses ser\u00e1 tratada con absoluta reserva y discreci\u00f3n. Nos comprometemos a proteger tu privacidad y asegurar que todos tus datos sean utilizados de manera segura y confidencial.<\/h4>\n\n\n\n<div class=\"wp-block-group is-layout-constrained wp-container-core-group-is-layout-1 wp-block-group-is-layout-constrained\" style=\"margin-top:0;margin-bottom:0;padding-top:0;padding-right:0;padding-bottom:0;padding-left:0\">\n<div class=\"wpcf7 no-js\" id=\"wpcf7-f131-o1\" lang=\"es-CO\" dir=\"ltr\" data-wpcf7-id=\"131\">\n<div class=\"screen-reader-response\"><p role=\"status\" aria-live=\"polite\" aria-atomic=\"true\"><\/p> <ul><\/ul><\/div>\n<form action=\"\/studio\/wp-json\/wp\/v2\/pages\/95#wpcf7-f131-o1\" method=\"post\" class=\"wpcf7-form init\" aria-label=\"Formulario de contacto\" novalidate=\"novalidate\" data-status=\"init\">\n<div style=\"display: none;\">\n<input type=\"hidden\" name=\"_wpcf7\" value=\"131\" \/>\n<input type=\"hidden\" name=\"_wpcf7_version\" value=\"6.0.6\" \/>\n<input type=\"hidden\" name=\"_wpcf7_locale\" value=\"es_CO\" \/>\n<input type=\"hidden\" name=\"_wpcf7_unit_tag\" value=\"wpcf7-f131-o1\" \/>\n<input type=\"hidden\" name=\"_wpcf7_container_post\" value=\"0\" \/>\n<input type=\"hidden\" name=\"_wpcf7_posted_data_hash\" value=\"\" \/>\n<\/div>\n<p><label> Nombre<br \/>\n<span class=\"wpcf7-form-control-wrap\" data-name=\"Nombre\"><input size=\"40\" maxlength=\"400\" class=\"wpcf7-form-control wpcf7-text wpcf7-validates-as-required\" aria-required=\"true\" aria-invalid=\"false\" value=\"\" type=\"text\" name=\"Nombre\" \/><\/span> <\/label>\n<\/p>\n<p><label> Edad<br \/>\n<span class=\"wpcf7-form-control-wrap\" data-name=\"Edad\"><input class=\"wpcf7-form-control wpcf7-number wpcf7-validates-as-required wpcf7-validates-as-number\" min=\"19\" max=\"40\" aria-required=\"true\" aria-invalid=\"false\" value=\"Ejemplo: 19\" type=\"number\" name=\"Edad\" \/><\/span> <\/label>\n<\/p>\n<p><label> Ciudad que reside actualmente<br \/>\n<span class=\"wpcf7-form-control-wrap\" data-name=\"Ciudad\"><input size=\"40\" maxlength=\"400\" class=\"wpcf7-form-control wpcf7-text wpcf7-validates-as-required\" aria-required=\"true\" aria-invalid=\"false\" value=\"\" type=\"text\" name=\"Ciudad\" \/><\/span> <\/label>\n<\/p>\n<p><label> Tu n\u00famero de contacto<br \/>\n<span class=\"wpcf7-form-control-wrap\" data-name=\"Celular-WhatsApp\"><input size=\"40\" maxlength=\"10\" minlength=\"10\" class=\"wpcf7-form-control wpcf7-tel wpcf7-validates-as-required wpcf7-text wpcf7-validates-as-tel\" autocomplete=\"tel\" aria-required=\"true\" aria-invalid=\"false\" placeholder=\"Ejemplo: 3101234567\" value=\"\" type=\"tel\" name=\"Celular-WhatsApp\" \/><\/span> <\/label>\n<\/p>\n<p><label> Horario para contactarla<br \/>\n<span class=\"wpcf7-form-control-wrap\" data-name=\"Horario_contacto\"><select class=\"wpcf7-form-control wpcf7-select wpcf7-validates-as-required\" aria-required=\"true\" aria-invalid=\"false\" name=\"Horario_contacto\"><option value=\"\">Selecciona un horario<\/option><option value=\"8:00 a.m.\">8:00 a.m.<\/option><option value=\"9:00 a.m.\">9:00 a.m.<\/option><option value=\"10:00 a.m.\">10:00 a.m.<\/option><option value=\"11:00 a.m.\">11:00 a.m.<\/option><option value=\"2:00 p.m.\">2:00 p.m.<\/option><option value=\"3:00 p.m.\">3:00 p.m.<\/option><option value=\"4:00 p.m.\">4:00 p.m.<\/option><\/select><\/span> <\/label>\n<\/p>\n<p><label><br \/>\n<input type=\"checkbox\" name=\"mayor_18\" value=\"1\" required \/><br \/>\nCertifico que soy mayor de 18 a\u00f1os.<br \/>\n<\/label>\n<\/p>\n<p><input class=\"wpcf7-form-control wpcf7-submit has-spinner\" type=\"submit\" value=\"Enviar\" \/>\n<\/p><div class=\"wpcf7-response-output\" aria-hidden=\"true\"><\/div>\n<\/form>\n<\/div>\n\n<\/div>\n\n\n\n<p><\/p>\n\n\n\n<p><\/p>\n","protected":false},"excerpt":{"rendered":"<p>Tu privacidad es nuestra prioridad La informaci\u00f3n que ingreses ser\u00e1 tratada con absoluta reserva y discreci\u00f3n. Nos comprometemos a proteger [&hellip;]<\/p>\n","protected":false},"author":1,"featured_media":0,"parent":0,"menu_order":0,"comment_status":"closed","ping_status":"closed","template":"","meta":{"_uag_custom_page_level_css":"","site-sidebar-layout":"default","site-content-layout":"","ast-site-content-layout":"default","site-content-style":"default","site-sidebar-style":"default","ast-global-header-display":"","ast-banner-title-visibility":"","ast-main-header-display":"","ast-hfb-above-header-display":"","ast-hfb-below-header-display":"","ast-hfb-mobile-header-display":"","site-post-title":"","ast-breadcrumbs-content":"","ast-featured-img":"","footer-sml-layout":"","ast-disable-related-posts":"","theme-transparent-header-meta":"","adv-header-id-meta":"","stick-header-meta":"","header-above-stick-meta":"","header-main-stick-meta":"","header-below-stick-meta":"","astra-migrate-meta-layouts":"default","ast-page-background-enabled":"default","ast-page-background-meta":{"desktop":{"background-color":"var(--ast-global-color-4)","background-image":"","background-repeat":"repeat","background-position":"center center","background-size":"auto","background-attachment":"scroll","background-type":"","background-media":"","overlay-type":"","overlay-color":"","overlay-opacity":"","overlay-gradient":""},"tablet":{"background-color":"","background-image":"","background-repeat":"repeat","background-position":"center center","background-size":"auto","background-attachment":"scroll","background-type":"","background-media":"","overlay-type":"","overlay-color":"","overlay-opacity":"","overlay-gradient":""},"mobile":{"background-color":"","background-image":"","background-repeat":"repeat","background-position":"center center","background-size":"auto","background-attachment":"scroll","background-type":"","background-media":"","overlay-type":"","overlay-color":"","overlay-opacity":"","overlay-gradient":""}},"ast-content-background-meta":{"desktop":{"background-color":"var(--ast-global-color-5)","background-image":"","background-repeat":"repeat","background-position":"center center","background-size":"auto","background-attachment":"scroll","background-type":"","background-media":"","overlay-type":"","overlay-color":"","overlay-opacity":"","overlay-gradient":""},"tablet":{"background-color":"var(--ast-global-color-5)","background-image":"","background-repeat":"repeat","background-position":"center center","background-size":"auto","background-attachment":"scroll","background-type":"","background-media":"","overlay-type":"","overlay-color":"","overlay-opacity":"","overlay-gradient":""},"mobile":{"background-color":"var(--ast-global-color-5)","background-image":"","background-repeat":"repeat","background-position":"center center","background-size":"auto","background-attachment":"scroll","background-type":"","background-media":"","overlay-type":"","overlay-color":"","overlay-opacity":"","overlay-gradient":""}},"footnotes":""},"class_list":["post-95","page","type-page","status-publish","hentry"],"yoast_head":"<!-- This site is optimized with the Yoast SEO plugin v24.1 - https:\/\/yoast.com\/wordpress\/plugins\/seo\/ -->\n<title>Desbloquea tu Potencial: \u00a1\u00danete a TEZ ESCURA! - TEZ ESCURA STUDIO<\/title>\n<meta name=\"robots\" content=\"index, follow, max-snippet:-1, max-image-preview:large, max-video-preview:-1\" \/>\n<link rel=\"canonical\" href=\"https:\/\/tezescura.com\/studio\/desbloquea-tu-potencial-unete-a-tez-escura\/\" \/>\n<meta property=\"og:locale\" content=\"es_ES\" \/>\n<meta property=\"og:type\" content=\"article\" \/>\n<meta property=\"og:title\" content=\"Desbloquea tu Potencial: \u00a1\u00danete a TEZ ESCURA! - TEZ ESCURA STUDIO\" \/>\n<meta property=\"og:description\" content=\"Tu privacidad es nuestra prioridad La informaci\u00f3n que ingreses ser\u00e1 tratada con absoluta reserva y discreci\u00f3n. Nos comprometemos a proteger [&hellip;]\" \/>\n<meta property=\"og:url\" content=\"https:\/\/tezescura.com\/studio\/desbloquea-tu-potencial-unete-a-tez-escura\/\" \/>\n<meta property=\"og:site_name\" content=\"TEZ ESCURA STUDIO\" \/>\n<meta property=\"article:publisher\" content=\"https:\/\/www.facebook.com\/share\/BoZ393RBSjT5cdJ7\/\" \/>\n<meta property=\"article:modified_time\" content=\"2024-11-21T03:01:57+00:00\" \/>\n<meta name=\"twitter:card\" content=\"summary_large_image\" \/>\n<script type=\"application\/ld+json\" class=\"yoast-schema-graph\">{\"@context\":\"https:\/\/schema.org\",\"@graph\":[{\"@type\":\"WebPage\",\"@id\":\"https:\/\/tezescura.com\/studio\/desbloquea-tu-potencial-unete-a-tez-escura\/\",\"url\":\"https:\/\/tezescura.com\/studio\/desbloquea-tu-potencial-unete-a-tez-escura\/\",\"name\":\"Desbloquea tu Potencial: \u00a1\u00danete a TEZ ESCURA! - TEZ ESCURA STUDIO\",\"isPartOf\":{\"@id\":\"https:\/\/tezescura.com\/studio\/#website\"},\"datePublished\":\"2024-11-07T17:57:06+00:00\",\"dateModified\":\"2024-11-21T03:01:57+00:00\",\"breadcrumb\":{\"@id\":\"https:\/\/tezescura.com\/studio\/desbloquea-tu-potencial-unete-a-tez-escura\/#breadcrumb\"},\"inLanguage\":\"es-CO\",\"potentialAction\":[{\"@type\":\"ReadAction\",\"target\":[\"https:\/\/tezescura.com\/studio\/desbloquea-tu-potencial-unete-a-tez-escura\/\"]}]},{\"@type\":\"BreadcrumbList\",\"@id\":\"https:\/\/tezescura.com\/studio\/desbloquea-tu-potencial-unete-a-tez-escura\/#breadcrumb\",\"itemListElement\":[{\"@type\":\"ListItem\",\"position\":1,\"name\":\"Inicio\",\"item\":\"https:\/\/tezescura.com\/studio\/\"},{\"@type\":\"ListItem\",\"position\":2,\"name\":\"Desbloquea tu Potencial: \u00a1\u00danete a TEZ ESCURA!\"}]},{\"@type\":\"WebSite\",\"@id\":\"https:\/\/tezescura.com\/studio\/#website\",\"url\":\"https:\/\/tezescura.com\/studio\/\",\"name\":\"tezescura.com\",\"description\":\"Agencia de modelos Webcam\",\"publisher\":{\"@id\":\"https:\/\/tezescura.com\/studio\/#organization\"},\"potentialAction\":[{\"@type\":\"SearchAction\",\"target\":{\"@type\":\"EntryPoint\",\"urlTemplate\":\"https:\/\/tezescura.com\/studio\/?s={search_term_string}\"},\"query-input\":{\"@type\":\"PropertyValueSpecification\",\"valueRequired\":true,\"valueName\":\"search_term_string\"}}],\"inLanguage\":\"es-CO\"},{\"@type\":\"Organization\",\"@id\":\"https:\/\/tezescura.com\/studio\/#organization\",\"name\":\"tezescura.com\",\"url\":\"https:\/\/tezescura.com\/studio\/\",\"logo\":{\"@type\":\"ImageObject\",\"inLanguage\":\"es-CO\",\"@id\":\"https:\/\/tezescura.com\/studio\/#\/schema\/logo\/image\/\",\"url\":\"https:\/\/tezescura.com\/wp-content\/uploads\/2024\/11\/Logo-Tezescura-e1730996250727.jpeg\",\"contentUrl\":\"https:\/\/tezescura.com\/wp-content\/uploads\/2024\/11\/Logo-Tezescura-e1730996250727.jpeg\",\"width\":106,\"height\":101,\"caption\":\"tezescura.com\"},\"image\":{\"@id\":\"https:\/\/tezescura.com\/studio\/#\/schema\/logo\/image\/\"},\"sameAs\":[\"https:\/\/www.facebook.com\/share\/BoZ393RBSjT5cdJ7\/\",\"https:\/\/l.wl.co\/l?u=httpstiktok.comtezescura_studio\",\"https:\/\/www.instagram.com\/tezescurastudio\/profilecard\/?igsh=MTlveWY5ZW92d3lzNw==\"]}]}<\/script>\n<!-- \/ Yoast SEO plugin. -->","yoast_head_json":{"title":"Desbloquea tu Potencial: \u00a1\u00danete a TEZ ESCURA! - TEZ ESCURA STUDIO","robots":{"index":"index","follow":"follow","max-snippet":"max-snippet:-1","max-image-preview":"max-image-preview:large","max-video-preview":"max-video-preview:-1"},"canonical":"https:\/\/tezescura.com\/studio\/desbloquea-tu-potencial-unete-a-tez-escura\/","og_locale":"es_ES","og_type":"article","og_title":"Desbloquea tu Potencial: \u00a1\u00danete a TEZ ESCURA! - TEZ ESCURA STUDIO","og_description":"Tu privacidad es nuestra prioridad La informaci\u00f3n que ingreses ser\u00e1 tratada con absoluta reserva y discreci\u00f3n. Nos comprometemos a proteger [&hellip;]","og_url":"https:\/\/tezescura.com\/studio\/desbloquea-tu-potencial-unete-a-tez-escura\/","og_site_name":"TEZ ESCURA STUDIO","article_publisher":"https:\/\/www.facebook.com\/share\/BoZ393RBSjT5cdJ7\/","article_modified_time":"2024-11-21T03:01:57+00:00","twitter_card":"summary_large_image","schema":{"@context":"https:\/\/schema.org","@graph":[{"@type":"WebPage","@id":"https:\/\/tezescura.com\/studio\/desbloquea-tu-potencial-unete-a-tez-escura\/","url":"https:\/\/tezescura.com\/studio\/desbloquea-tu-potencial-unete-a-tez-escura\/","name":"Desbloquea tu Potencial: \u00a1\u00danete a TEZ ESCURA! - TEZ ESCURA STUDIO","isPartOf":{"@id":"https:\/\/tezescura.com\/studio\/#website"},"datePublished":"2024-11-07T17:57:06+00:00","dateModified":"2024-11-21T03:01:57+00:00","breadcrumb":{"@id":"https:\/\/tezescura.com\/studio\/desbloquea-tu-potencial-unete-a-tez-escura\/#breadcrumb"},"inLanguage":"es-CO","potentialAction":[{"@type":"ReadAction","target":["https:\/\/tezescura.com\/studio\/desbloquea-tu-potencial-unete-a-tez-escura\/"]}]},{"@type":"BreadcrumbList","@id":"https:\/\/tezescura.com\/studio\/desbloquea-tu-potencial-unete-a-tez-escura\/#breadcrumb","itemListElement":[{"@type":"ListItem","position":1,"name":"Inicio","item":"https:\/\/tezescura.com\/studio\/"},{"@type":"ListItem","position":2,"name":"Desbloquea tu Potencial: \u00a1\u00danete a TEZ ESCURA!"}]},{"@type":"WebSite","@id":"https:\/\/tezescura.com\/studio\/#website","url":"https:\/\/tezescura.com\/studio\/","name":"tezescura.com","description":"Agencia de modelos Webcam","publisher":{"@id":"https:\/\/tezescura.com\/studio\/#organization"},"potentialAction":[{"@type":"SearchAction","target":{"@type":"EntryPoint","urlTemplate":"https:\/\/tezescura.com\/studio\/?s={search_term_string}"},"query-input":{"@type":"PropertyValueSpecification","valueRequired":true,"valueName":"search_term_string"}}],"inLanguage":"es-CO"},{"@type":"Organization","@id":"https:\/\/tezescura.com\/studio\/#organization","name":"tezescura.com","url":"https:\/\/tezescura.com\/studio\/","logo":{"@type":"ImageObject","inLanguage":"es-CO","@id":"https:\/\/tezescura.com\/studio\/#\/schema\/logo\/image\/","url":"https:\/\/tezescura.com\/wp-content\/uploads\/2024\/11\/Logo-Tezescura-e1730996250727.jpeg","contentUrl":"https:\/\/tezescura.com\/wp-content\/uploads\/2024\/11\/Logo-Tezescura-e1730996250727.jpeg","width":106,"height":101,"caption":"tezescura.com"},"image":{"@id":"https:\/\/tezescura.com\/studio\/#\/schema\/logo\/image\/"},"sameAs":["https:\/\/www.facebook.com\/share\/BoZ393RBSjT5cdJ7\/","https:\/\/l.wl.co\/l?u=httpstiktok.comtezescura_studio","https:\/\/www.instagram.com\/tezescurastudio\/profilecard\/?igsh=MTlveWY5ZW92d3lzNw=="]}]}},"uagb_featured_image_src":{"full":false,"thumbnail":false,"medium":false,"medium_large":false,"large":false,"1536x1536":false,"2048x2048":false},"uagb_author_info":{"display_name":"iberpardo@hotmail.com","author_link":"https:\/\/tezescura.com\/studio\/author\/iberpardohotmail-com\/"},"uagb_comment_info":0,"uagb_excerpt":"Tu privacidad es nuestra prioridad La informaci\u00f3n que ingreses ser\u00e1 tratada con absoluta reserva y discreci\u00f3n. Nos comprometemos a proteger [&hellip;]","_links":{"self":[{"href":"https:\/\/tezescura.com\/studio\/wp-json\/wp\/v2\/pages\/95","targetHints":{"allow":["GET"]}}],"collection":[{"href":"https:\/\/tezescura.com\/studio\/wp-json\/wp\/v2\/pages"}],"about":[{"href":"https:\/\/tezescura.com\/studio\/wp-json\/wp\/v2\/types\/page"}],"author":[{"embeddable":true,"href":"https:\/\/tezescura.com\/studio\/wp-json\/wp\/v2\/users\/1"}],"replies":[{"embeddable":true,"href":"https:\/\/tezescura.com\/studio\/wp-json\/wp\/v2\/comments?post=95"}],"version-history":[{"count":13,"href":"https:\/\/tezescura.com\/studio\/wp-json\/wp\/v2\/pages\/95\/revisions"}],"predecessor-version":[{"id":187,"href":"https:\/\/tezescura.com\/studio\/wp-json\/wp\/v2\/pages\/95\/revisions\/187"}],"wp:attachment":[{"href":"https:\/\/tezescura.com\/studio\/wp-json\/wp\/v2\/media?parent=95"}],"curies":[{"name":"wp","href":"https:\/\/api.w.org\/{rel}","templated":true}]}}